{"id":478,"date":"2018-05-24T21:00:11","date_gmt":"2018-05-24T19:00:11","guid":{"rendered":"http:\/\/kegeln-for-fun.de\/?page_id=478"},"modified":"2022-05-31T10:50:32","modified_gmt":"2022-05-31T08:50:32","slug":"impressum","status":"publish","type":"page","link":"https:\/\/alle-neune.com\/?page_id=478","title":{"rendered":"Impressum"},"content":{"rendered":"<div class=\"entry-content\">\n<p>Rechtlicher Vertretung des Vereins:<\/p>\n<p><strong>VfL Welfia e.V. 1929 M\u00f6nchengladbach<br \/>\n<\/strong>Schulstra\u00dfe 11\u00a0 I\u00a0 41065 M\u00f6nchengladbach<\/p>\n<p><strong>Vertreten durch den 1. Vorsitzenden<\/strong><br \/>\nHerrn Frank Br\u00fcnker<br \/>\n<strong><br \/>\nKontakt<\/strong><br \/>\nTelefon: +49 (0) 2161 40 77 27\u00a0 I\u00a0\u00a0Fax: +49 (0) 2161 40 77 26<br \/>\nE-Mail: info@welfia.de\u00a0 I\u00a0\u00a0Web. www.welfia.de<\/p>\n<p>Turnierleitung und Webmaster der Seite:<\/p>\n<p>Sebastian R\u00f6der<\/p>\n<h2><a name=\"8270169c530ea4012\"><\/a>Disclaimer<\/h2>\n<p><b>Haftung im Sinne \u00a7 8 TDG:<\/b><br \/>\nDer VfL Welfia e.V. stellt sein Internetangebot unter folgenden Nutzungsbedingungen zur Verf\u00fcgung:<\/p>\n<p>Die VfL Welfia e.V. ist als Diensteanbieter nach \u00a7 8 Abs. 1 TDG f\u00fcr die eigenen Inhalte, die er zur Nutzung bereith\u00e4lt, nach den allgemeinen Vorschriften verantwortlich. Die Haftung f\u00fcr Sch\u00e4den materieller oder ideeller Art, die durch die Nutzung der Inhalte verursacht wurden, ist ausgeschlossen, sofern nicht Vorsatz oder grobe Fahrl\u00e4ssigkeit vorliegt.<\/p>\n<p>Soweit ein Text von dritter Seite erstellt ist, wird \u2013 soweit m\u00f6glich \u2013 der jeweilige Verfasser namentlich benannt. In diesen F\u00e4llen ist der Verfasser des jeweiligen Dokuments bzw. sein Auftraggeber f\u00fcr den Inhalt verantwortlich.<\/p>\n<p><b>Haftungsausschluss im Sinne \u00a7 9 TDG:<br \/>\n<\/b>Der VfL Welfia e.V. macht sich den Inhalt, der innerhalb seines Angebots per Hyperlinks zug\u00e4nglich gemachten fremden Websites ausdr\u00fccklich nicht zu eigen und kann deshalb f\u00fcr deren inhaltliche Korrektheit, Vollst\u00e4ndigkeit und Verf\u00fcgbarkeit keine Gew\u00e4hr leisten. Der VfL Welfia e.V. hat keinen Einfluss auf die aktuelle und zuk\u00fcnftige Gestaltung und auf Inhalte der gelinkten Seiten.<\/p>\n<\/div>\n","protected":false},"excerpt":{"rendered":"<p>Rechtlicher Vertretung des Vereins: VfL Welfia e.V. 1929 M\u00f6nchengladbach Schulstra\u00dfe 11\u00a0 I\u00a0 41065 M\u00f6nchengladbach Vertreten durch den 1. Vorsitzenden Herrn Frank Br\u00fcnker Kontakt Telefon: +49 (0) 2161 40 77 27\u00a0 I\u00a0\u00a0Fax: +49 (0) 2161 40 77 26 E-Mail: info@welfia.de\u00a0 I\u00a0\u00a0Web. www.welfia.de Turnierleitung und Webmaster der Seite: Sebastian R\u00f6der Disclaimer Haftung im Sinne \u00a7 8 TDG:&hellip; <br \/> <a class=\"read-more\" href=\"https:\/\/alle-neune.com\/?page_id=478\">Weiterlesen<\/a><\/p>\n","protected":false},"author":2,"featured_media":0,"parent":0,"menu_order":11,"comment_status":"closed","ping_status":"closed","template":"","meta":{"footnotes":""},"class_list":["post-478","page","type-page","status-publish","hentry"],"_links":{"self":[{"href":"https:\/\/alle-neune.com\/index.php?rest_route=\/wp\/v2\/pages\/478","targetHints":{"allow":["GET"]}}],"collection":[{"href":"https:\/\/alle-neune.com\/index.php?rest_route=\/wp\/v2\/pages"}],"about":[{"href":"https:\/\/alle-neune.com\/index.php?rest_route=\/wp\/v2\/types\/page"}],"author":[{"embeddable":true,"href":"https:\/\/alle-neune.com\/index.php?rest_route=\/wp\/v2\/users\/2"}],"replies":[{"embeddable":true,"href":"https:\/\/alle-neune.com\/index.php?rest_route=%2Fwp%2Fv2%2Fcomments&post=478"}],"version-history":[{"count":5,"href":"https:\/\/alle-neune.com\/index.php?rest_route=\/wp\/v2\/pages\/478\/revisions"}],"predecessor-version":[{"id":629,"href":"https:\/\/alle-neune.com\/index.php?rest_route=\/wp\/v2\/pages\/478\/revisions\/629"}],"wp:attachment":[{"href":"https:\/\/alle-neune.com\/index.php?rest_route=%2Fwp%2Fv2%2Fmedia&parent=478"}],"curies":[{"name":"wp","href":"https:\/\/api.w.org\/{rel}","templated":true}]}}